{"id":460,"date":"2023-09-19T22:20:35","date_gmt":"2023-09-19T22:20:35","guid":{"rendered":"https:\/\/pacuidarte.com\/?post_type=product&#038;p=460"},"modified":"2025-05-04T19:03:52","modified_gmt":"2025-05-05T00:03:52","slug":"serum-hidratante-antienvejecimiento","status":"publish","type":"product","link":"https:\/\/pacuidarte.com\/index.php\/producto\/serum-hidratante-antienvejecimiento\/","title":{"rendered":"S\u00e9rum hidratante antienvejecimiento"},"content":{"rendered":"<p>F\u00f3rmula natural libre de aceites, con una mezcla de 7 extractos vegetales colombianos que tienen la propiedad de hidratar profundamente, adem\u00e1s de una actividad regeneradora que promueve la producci\u00f3n de col\u00e1geno al aplicarlo diariamente y devuelven la elasticidad de la piel.<\/p>\n<p>Se puede usar en contorno de ojos ya que no tiene aceites esenciales ni aromas o ingredientes que generen irritaci\u00f3n en los ojos, ideal para hidratar y evitar o disminuir l\u00edneas de expresi\u00f3n de esta zona.<\/p>\n<p><strong>EXTRACTOS QUE CONTIENE:<\/strong><\/p>\n<p>Ginkgo Biloba, Ginseng, Hojas de t\u00e9, Equinacea, Cardo Mariano, Granado, Hidrolizado de Soya, m\u00e1s Aloe Vera.<\/p>\n<p><strong>\u00bfC\u00d3MO ACT\u00daA?<\/strong><\/p>\n<ul>\n<li>Hidrata Profundamente.<\/li>\n<li>Ayuda a la producci\u00f3n de col\u00e1geno de la piel gracias a su mezcla de extractos vegetales reepitelizantes y antioxidantes.<\/li>\n<li>Previene y disminuye l\u00edneas de expresi\u00f3n.<\/li>\n<li>Devuelve la elasticidad de la piel.<\/li>\n<li>Potencia la protecci\u00f3n SPF del bloqueador, evitando los da\u00f1os causados por los rayos UV.<\/li>\n<li>Complementa la acci\u00f3n anti manchas del s\u00e9rum despigmentante, gracias a que regenera y es antioxidante.<\/li>\n<li>Disminuye los procesos inflamatorios responsables de acelerar el proceso de envejecimiento de la piel.<\/li>\n<\/ul>\n<p><strong>\u00bfPARA QU\u00c9 TIPOS DE PIEL?<\/strong><br \/>\nSe puede usar en piel grasa, mixta o seca, debido a que su f\u00f3rmula es oil free y no comedog\u00e9nica. El Aloe Vera que se usa en la f\u00f3rmula es ideal para piel sensible, sin embargo, en este tipo de piel es recomendable verificar los ingredientes y extractos para asegurarse de que no tenga reacci\u00f3n conocida a alguno.<\/p>\n","protected":false},"excerpt":{"rendered":"<p>F\u00f3rmula natural libre de aceites, con una mezcla de 7 extractos vegetales colombianos que tienen la propiedad de hidratar profundamente, adem\u00e1s de una actividad regeneradora que promueve la producci\u00f3n de col\u00e1geno al aplicarlo diariamente y devuelven la elasticidad de la piel. Se puede usar en contorno de ojos ya que no tiene aceites esenciales ni [&hellip;]<\/p>\n","protected":false},"featured_media":1351,"comment_status":"open","ping_status":"closed","template":"","meta":{"_joinchat":[]},"product_cat":[18],"product_tag":[],"jetpack_sharing_enabled":true,"_links":{"self":[{"href":"https:\/\/pacuidarte.com\/index.php\/wp-json\/wp\/v2\/product\/460"}],"collection":[{"href":"https:\/\/pacuidarte.com\/index.php\/wp-json\/wp\/v2\/product"}],"about":[{"href":"https:\/\/pacuidarte.com\/index.php\/wp-json\/wp\/v2\/types\/product"}],"replies":[{"embeddable":true,"href":"https:\/\/pacuidarte.com\/index.php\/wp-json\/wp\/v2\/comments?post=460"}],"wp:featuredmedia":[{"embeddable":true,"href":"https:\/\/pacuidarte.com\/index.php\/wp-json\/wp\/v2\/media\/1351"}],"wp:attachment":[{"href":"https:\/\/pacuidarte.com\/index.php\/wp-json\/wp\/v2\/media?parent=460"}],"wp:term":[{"taxonomy":"product_cat","embeddable":true,"href":"https:\/\/pacuidarte.com\/index.php\/wp-json\/wp\/v2\/product_cat?post=460"},{"taxonomy":"product_tag","embeddable":true,"href":"https:\/\/pacuidarte.com\/index.php\/wp-json\/wp\/v2\/product_tag?post=460"}],"curies":[{"name":"wp","href":"https:\/\/api.w.org\/{rel}","templated":true}]}}