{"id":387,"date":"2023-09-19T19:07:52","date_gmt":"2023-09-19T19:07:52","guid":{"rendered":"https:\/\/pacuidarte.com\/?post_type=product&#038;p=387"},"modified":"2025-03-08T17:03:35","modified_gmt":"2025-03-08T22:03:35","slug":"esmalte-para-unas-10-free","status":"publish","type":"product","link":"https:\/\/pacuidarte.com\/index.php\/producto\/esmalte-para-unas-10-free\/","title":{"rendered":"Esmalte para u\u00f1as 10 free"},"content":{"rendered":"<p>Libres de <strong>10<\/strong> componentes t\u00f3xicos: Parabenos, Triclosan, Xileno, Formaldehido, Tolueno, Resina de Formaldehido, Alcanfor, Dibutiftalato, ingredientes de origen animal y fragancia.<br \/>\nProducto colombiano con tapa de madera reciclada de manera artesanal y envase de vidrio.<br \/>\nSu f\u00f3rmula ayuda al fortalecimiento de las u\u00f1as, son ideales para personas al\u00e9rgicas a los esmaltes tradicionales y son recomendados para mujeres embarazadas, ni\u00f1as y personas con tratamientos oncol\u00f3gicos.<\/p>\n<p>La durabilidad del esmalte es de 6 a 7 d\u00edas.<\/p>\n","protected":false},"excerpt":{"rendered":"<p>Libres de 10 componentes t\u00f3xicos: Parabenos, Triclosan, Xileno, Formaldehido, Tolueno, Resina de Formaldehido, Alcanfor, Dibutiftalato, ingredientes de origen animal y fragancia. Producto colombiano con tapa de madera reciclada de manera artesanal y envase de vidrio. Su f\u00f3rmula ayuda al fortalecimiento de las u\u00f1as, son ideales para personas al\u00e9rgicas a los esmaltes tradicionales y son recomendados [&hellip;]<\/p>\n","protected":false},"featured_media":729,"comment_status":"open","ping_status":"closed","template":"","meta":{"_joinchat":[]},"product_cat":[30],"product_tag":[87,112,89,88,60,49,50],"jetpack_sharing_enabled":true,"_links":{"self":[{"href":"https:\/\/pacuidarte.com\/index.php\/wp-json\/wp\/v2\/product\/387"}],"collection":[{"href":"https:\/\/pacuidarte.com\/index.php\/wp-json\/wp\/v2\/product"}],"about":[{"href":"https:\/\/pacuidarte.com\/index.php\/wp-json\/wp\/v2\/types\/product"}],"replies":[{"embeddable":true,"href":"https:\/\/pacuidarte.com\/index.php\/wp-json\/wp\/v2\/comments?post=387"}],"wp:featuredmedia":[{"embeddable":true,"href":"https:\/\/pacuidarte.com\/index.php\/wp-json\/wp\/v2\/media\/729"}],"wp:attachment":[{"href":"https:\/\/pacuidarte.com\/index.php\/wp-json\/wp\/v2\/media?parent=387"}],"wp:term":[{"taxonomy":"product_cat","embeddable":true,"href":"https:\/\/pacuidarte.com\/index.php\/wp-json\/wp\/v2\/product_cat?post=387"},{"taxonomy":"product_tag","embeddable":true,"href":"https:\/\/pacuidarte.com\/index.php\/wp-json\/wp\/v2\/product_tag?post=387"}],"curies":[{"name":"wp","href":"https:\/\/api.w.org\/{rel}","templated":true}]}}