{"id":379,"date":"2023-09-19T18:21:45","date_gmt":"2023-09-19T18:21:45","guid":{"rendered":"https:\/\/pacuidarte.com\/?post_type=product&#038;p=379"},"modified":"2023-11-26T19:48:17","modified_gmt":"2023-11-27T00:48:17","slug":"bolsa-de-silicona-tipo-ziploc","status":"publish","type":"product","link":"https:\/\/pacuidarte.com\/index.php\/producto\/bolsa-de-silicona-tipo-ziploc\/","title":{"rendered":"Bolsa de silicona tipo Ziploc"},"content":{"rendered":"<p>Dile no a las bolsas desechables con esta espectacular bolsita de silicona tipo ziploc para alimentos (o puedes darle el uso que m\u00e1s te guste: Cosmetiquera, cartuchera&#8230;)<\/p>\n<p>Con esta bolsa podr\u00e1s f\u00e1cilmente guardar, congelar, calentar en el microondas, hacer crispetas, hervir al ba\u00f1o Mar\u00eda y transportar l\u00edquidos o s\u00f3lidos a cualquier lugar, sin ning\u00fan inconveniente.<\/p>\n<ul>\n<li>Son reutilizables.<\/li>\n<li>Se pueden desinfectar f\u00e1cilmente.<\/li>\n<li>Se pueden congelar alimentos.<\/li>\n<li>Se pueden colocar l\u00edquidos o s\u00f3lidos calientes.<\/li>\n<li>Sellado herm\u00e9tico.<\/li>\n<li>Libre de BPA<\/li>\n<\/ul>\n<p><strong>Medidas:<\/strong> 19.5 cm x 17 cm<\/p>\n","protected":false},"excerpt":{"rendered":"<p>Dile no a las bolsas desechables con esta espectacular bolsita de silicona tipo ziploc para alimentos (o puedes darle el uso que m\u00e1s te guste: Cosmetiquera, cartuchera&#8230;) Con esta bolsa podr\u00e1s f\u00e1cilmente guardar, congelar, calentar en el microondas, hacer crispetas, hervir al ba\u00f1o Mar\u00eda y transportar l\u00edquidos o s\u00f3lidos a cualquier lugar, sin ning\u00fan inconveniente. [&hellip;]<\/p>\n","protected":false},"featured_media":749,"comment_status":"open","ping_status":"closed","template":"","meta":{"_joinchat":[]},"product_cat":[17,24],"product_tag":[91,93,95,94,97,96,92],"jetpack_sharing_enabled":true,"_links":{"self":[{"href":"https:\/\/pacuidarte.com\/index.php\/wp-json\/wp\/v2\/product\/379"}],"collection":[{"href":"https:\/\/pacuidarte.com\/index.php\/wp-json\/wp\/v2\/product"}],"about":[{"href":"https:\/\/pacuidarte.com\/index.php\/wp-json\/wp\/v2\/types\/product"}],"replies":[{"embeddable":true,"href":"https:\/\/pacuidarte.com\/index.php\/wp-json\/wp\/v2\/comments?post=379"}],"wp:featuredmedia":[{"embeddable":true,"href":"https:\/\/pacuidarte.com\/index.php\/wp-json\/wp\/v2\/media\/749"}],"wp:attachment":[{"href":"https:\/\/pacuidarte.com\/index.php\/wp-json\/wp\/v2\/media?parent=379"}],"wp:term":[{"taxonomy":"product_cat","embeddable":true,"href":"https:\/\/pacuidarte.com\/index.php\/wp-json\/wp\/v2\/product_cat?post=379"},{"taxonomy":"product_tag","embeddable":true,"href":"https:\/\/pacuidarte.com\/index.php\/wp-json\/wp\/v2\/product_tag?post=379"}],"curies":[{"name":"wp","href":"https:\/\/api.w.org\/{rel}","templated":true}]}}