{"id":329,"date":"2023-09-19T16:00:37","date_gmt":"2023-09-19T16:00:37","guid":{"rendered":"https:\/\/pacuidarte.com\/?post_type=product&#038;p=329"},"modified":"2025-10-16T18:50:45","modified_gmt":"2025-10-16T23:50:45","slug":"protector-intimo-de-tela-reusable","status":"publish","type":"product","link":"https:\/\/pacuidarte.com\/index.php\/producto\/protector-intimo-de-tela-reusable\/","title":{"rendered":"Protector \u00edntimo de tela reusable"},"content":{"rendered":"<p>Protectores de tela reusables, ecol\u00f3gicos, absorbentes, f\u00e1ciles de lavar, flexibles, respirables y duraderos.<\/p>\n<p>Con una suave capa superior en fibra de carb\u00f3n de bamb\u00fa, capa interna de microfibra y capa externa de tela PUL (impermeable).<\/p>\n<p>20 cm de largo y 5.5 cm de ancho en la zona absorbente.<\/p>\n","protected":false},"excerpt":{"rendered":"<p>Protectores de tela reusables, ecol\u00f3gicos, absorbentes, f\u00e1ciles de lavar, flexibles, respirables y duraderos. Con una suave capa superior en fibra de carb\u00f3n de bamb\u00fa, capa interna de microfibra y capa externa de tela PUL (impermeable). 20 cm de largo y 5.5 cm de ancho en la zona absorbente.<\/p>\n","protected":false},"featured_media":774,"comment_status":"open","ping_status":"closed","template":"","meta":{"_joinchat":[]},"product_cat":[29],"product_tag":[],"jetpack_sharing_enabled":true,"_links":{"self":[{"href":"https:\/\/pacuidarte.com\/index.php\/wp-json\/wp\/v2\/product\/329"}],"collection":[{"href":"https:\/\/pacuidarte.com\/index.php\/wp-json\/wp\/v2\/product"}],"about":[{"href":"https:\/\/pacuidarte.com\/index.php\/wp-json\/wp\/v2\/types\/product"}],"replies":[{"embeddable":true,"href":"https:\/\/pacuidarte.com\/index.php\/wp-json\/wp\/v2\/comments?post=329"}],"wp:featuredmedia":[{"embeddable":true,"href":"https:\/\/pacuidarte.com\/index.php\/wp-json\/wp\/v2\/media\/774"}],"wp:attachment":[{"href":"https:\/\/pacuidarte.com\/index.php\/wp-json\/wp\/v2\/media?parent=329"}],"wp:term":[{"taxonomy":"product_cat","embeddable":true,"href":"https:\/\/pacuidarte.com\/index.php\/wp-json\/wp\/v2\/product_cat?post=329"},{"taxonomy":"product_tag","embeddable":true,"href":"https:\/\/pacuidarte.com\/index.php\/wp-json\/wp\/v2\/product_tag?post=329"}],"curies":[{"name":"wp","href":"https:\/\/api.w.org\/{rel}","templated":true}]}}