{"id":322,"date":"2023-09-19T15:32:09","date_gmt":"2023-09-19T15:32:09","guid":{"rendered":"https:\/\/pacuidarte.com\/?post_type=product&#038;p=322"},"modified":"2024-01-23T12:15:23","modified_gmt":"2024-01-23T17:15:23","slug":"cirugia-capilar","status":"publish","type":"product","link":"https:\/\/pacuidarte.com\/index.php\/producto\/cirugia-capilar\/","title":{"rendered":"Cirug\u00eda capilar"},"content":{"rendered":"<p>Tratamiento reparador y alisador progesivo<\/p>\n<p>Innovador producto a base de col\u00e1geno, ceramidas, queratina, prote\u00ednas, amino\u00e1cidos y vitaminas naturales, <strong>100% libre de formol<\/strong> o <strong>amonio<\/strong>.<br \/>\nEste producto se adhiere a las a\u00e9reas mas da\u00f1adas de la queratina del cabello, rellenando estos espacios y nutri\u00e9ndolos.<\/p>\n<p>Hidrata y restaura el cabello en un 100%.<\/p>\n<p>Alisa progresivamente, reduce el volumen y el frizz, y le otorga al cabello un brillo espejo.<\/p>\n<p>En general este tratamiento es bastante completo, ya que le aporta muchos nutrientes al cabello. Desde la primera aplicaci\u00f3n el cabello cambia su salud y apariencia totalmente.<\/p>\n","protected":false},"excerpt":{"rendered":"<p>Tratamiento reparador y alisador progesivo Innovador producto a base de col\u00e1geno, ceramidas, queratina, prote\u00ednas, amino\u00e1cidos y vitaminas naturales, 100% libre de formol o amonio. Este producto se adhiere a las a\u00e9reas mas da\u00f1adas de la queratina del cabello, rellenando estos espacios y nutri\u00e9ndolos. Hidrata y restaura el cabello en un 100%. Alisa progresivamente, reduce el [&hellip;]<\/p>\n","protected":false},"featured_media":648,"comment_status":"open","ping_status":"closed","template":"","meta":{"_joinchat":[]},"product_cat":[16],"product_tag":[126,57,58,79,119,127,125,70,128],"jetpack_sharing_enabled":true,"_links":{"self":[{"href":"https:\/\/pacuidarte.com\/index.php\/wp-json\/wp\/v2\/product\/322"}],"collection":[{"href":"https:\/\/pacuidarte.com\/index.php\/wp-json\/wp\/v2\/product"}],"about":[{"href":"https:\/\/pacuidarte.com\/index.php\/wp-json\/wp\/v2\/types\/product"}],"replies":[{"embeddable":true,"href":"https:\/\/pacuidarte.com\/index.php\/wp-json\/wp\/v2\/comments?post=322"}],"wp:featuredmedia":[{"embeddable":true,"href":"https:\/\/pacuidarte.com\/index.php\/wp-json\/wp\/v2\/media\/648"}],"wp:attachment":[{"href":"https:\/\/pacuidarte.com\/index.php\/wp-json\/wp\/v2\/media?parent=322"}],"wp:term":[{"taxonomy":"product_cat","embeddable":true,"href":"https:\/\/pacuidarte.com\/index.php\/wp-json\/wp\/v2\/product_cat?post=322"},{"taxonomy":"product_tag","embeddable":true,"href":"https:\/\/pacuidarte.com\/index.php\/wp-json\/wp\/v2\/product_tag?post=322"}],"curies":[{"name":"wp","href":"https:\/\/api.w.org\/{rel}","templated":true}]}}