{"id":273,"date":"2023-09-18T23:43:14","date_gmt":"2023-09-18T23:43:14","guid":{"rendered":"https:\/\/pacuidarte.com\/index.php\/producto\/peinilla-con-mango\/"},"modified":"2025-04-04T10:53:14","modified_gmt":"2025-04-04T15:53:14","slug":"peinilla-con-mango","status":"publish","type":"product","link":"https:\/\/pacuidarte.com\/index.php\/producto\/peinilla-con-mango\/","title":{"rendered":"Peinilla con mango"},"content":{"rendered":"<p>Al ser elaboradas en bamb\u00fa no s\u00f3lo evitar\u00e1s en un futuro m\u00e1s desechos pl\u00e1sticos, sino que tambi\u00e9n puedes ayudar a reducir el frizz y son m\u00e1s suaves con tu cabello.<\/p>\n","protected":false},"excerpt":{"rendered":"<p>Al ser elaboradas en bamb\u00fa no s\u00f3lo evitar\u00e1s en un futuro m\u00e1s desechos pl\u00e1sticos, sino que tambi\u00e9n puedes ayudar a reducir el frizz y son m\u00e1s suaves con tu cabello.<\/p>\n","protected":false},"featured_media":603,"comment_status":"open","ping_status":"closed","template":"","meta":{"_joinchat":[]},"product_cat":[16],"product_tag":[],"jetpack_sharing_enabled":true,"_links":{"self":[{"href":"https:\/\/pacuidarte.com\/index.php\/wp-json\/wp\/v2\/product\/273"}],"collection":[{"href":"https:\/\/pacuidarte.com\/index.php\/wp-json\/wp\/v2\/product"}],"about":[{"href":"https:\/\/pacuidarte.com\/index.php\/wp-json\/wp\/v2\/types\/product"}],"replies":[{"embeddable":true,"href":"https:\/\/pacuidarte.com\/index.php\/wp-json\/wp\/v2\/comments?post=273"}],"wp:featuredmedia":[{"embeddable":true,"href":"https:\/\/pacuidarte.com\/index.php\/wp-json\/wp\/v2\/media\/603"}],"wp:attachment":[{"href":"https:\/\/pacuidarte.com\/index.php\/wp-json\/wp\/v2\/media?parent=273"}],"wp:term":[{"taxonomy":"product_cat","embeddable":true,"href":"https:\/\/pacuidarte.com\/index.php\/wp-json\/wp\/v2\/product_cat?post=273"},{"taxonomy":"product_tag","embeddable":true,"href":"https:\/\/pacuidarte.com\/index.php\/wp-json\/wp\/v2\/product_tag?post=273"}],"curies":[{"name":"wp","href":"https:\/\/api.w.org\/{rel}","templated":true}]}}