{"id":269,"date":"2023-09-18T23:43:14","date_gmt":"2023-09-18T23:43:14","guid":{"rendered":"https:\/\/pacuidarte.com\/index.php\/producto\/exfoliante-para-pies-feet-hero\/"},"modified":"2024-01-04T23:43:38","modified_gmt":"2024-01-05T04:43:38","slug":"exfoliante-para-pies-feet-hero","status":"publish","type":"product","link":"https:\/\/pacuidarte.com\/index.php\/producto\/exfoliante-para-pies-feet-hero\/","title":{"rendered":"Exfoliante para pies Feet hero"},"content":{"rendered":"<p>Nuestro Feet hero es un producto super especial, hecho con ingredientes de la mejor calidad y pensados para que el producto cumpla con lo que queremos y es ser el h\u00e9roe que tus pies y manos merecen!<\/p>\n<p><strong>Entonces aqu\u00ed van los ingredientes:<\/strong><\/p>\n<p><strong>Urea:<\/strong> Nuestro Feet hero est\u00e1 compuesto con un 40% de urea. La urea tiene la funci\u00f3n de romper unas barreras, unos enlaces qu\u00e9 hay en la piel removiendo c\u00e9lulas muertas y generando que la piel se ablande. La urea se caracteriza por sus propiedades reguladoras de la humedad y su r\u00e1pida y alta eficacia.<\/p>\n<p><strong>Aceite de cacay:<\/strong> Con un 50% mas de vitamina E que el aceite de arg\u00e1n y habiendo comprobado su poder humectante ya con nuestro humectante para u\u00f1as y cut\u00edculas, el aceite de cacay no pod\u00eda faltar en este producto.<\/p>\n<p><strong>Aceite de semilla de cannabis y aceite de Jojoba:<\/strong> S\u00faper humectantes, altos contenidos de omega 3 y omega 6 y antioxidantes (por lo que previenen el envejecimiento generado por los radicales libres presentes en el ambiente). Mantienen la elasticidad de la piel. Foto protectores. El aceite de semilla no es comedog\u00e9nico, es decir no obstruye los poros de la piel.<\/p>\n<p><strong>Manteca de karit\u00e9:<\/strong> Es foto protectora, rica en vitaminas y con un alto poder regenerativo de la piel.<\/p>\n<p><strong>Aceite de almendras:<\/strong> Junto con el aceite de semilla de cannabis son los m\u00e1s fuertes en omega 3 y 6 .<\/p>\n<p><strong>\u00c1cido sil\u00edcico:<\/strong> Se usa para reforzar la urea en la funci\u00f3n de ablandar los endurecimientos de la piel. Cuando hay producci\u00f3n de endurecimientos en la piel o \u201ccallitos\u201d \ud83d\ude09, es por un exceso de queratina en la piel. La urea y el \u00e1cido salic\u00edlico act\u00faan como queratol\u00edticos.<\/p>\n<p><strong>Conservante:<\/strong> El conservante usado en este producto es el Fenoxietanol. Es sint\u00e9tico y es uno de los dos \u00fanicos conservantes aprobado por Ecocert. La concentraci\u00f3n de conservante de nuestro producto es del 0,4%.<\/p>\n<p><strong>Emulsificantes:<\/strong> Son de origen natural y son los alcoholes cetilico y estearilico. El alcohol cet\u00edlico act\u00faa como aglutinante, lo que permite la uni\u00f3n de los diversos ingredientes presentes en los productos humectantes, las lociones y cremas y facilitan su aplicaci\u00f3n.<\/p>\n<p><strong>C\u00e1scara de Mora y Durazno<\/strong><\/p>\n<p>Finalmente es importante que sepas que la urea, el aceite de semilla y \u00e1cido salic\u00edlico se utilizan en temas de psoriasis porque remueven c\u00e9lulas muertas y ayudan a regenerar la piel.<br \/>\nCon nuestro feet hero estar\u00e1s protegiendo la primera capa de la piel y eso evita que se pierda la humedad de \u00e9sta y esto se traduce finalmente en una piel m\u00e1s el\u00e1stica<\/p>\n","protected":false},"excerpt":{"rendered":"<p>Nuestro Feet hero es un producto super especial, hecho con ingredientes de la mejor calidad y pensados para que el producto cumpla con lo que queremos y es ser el h\u00e9roe que tus pies y manos merecen! Entonces aqu\u00ed van los ingredientes: Urea: Nuestro Feet hero est\u00e1 compuesto con un 40% de urea. La urea [&hellip;]<\/p>\n","protected":false},"featured_media":800,"comment_status":"open","ping_status":"closed","template":"","meta":{"_joinchat":[]},"product_cat":[30],"product_tag":[203,142,139,204,206,205],"jetpack_sharing_enabled":true,"_links":{"self":[{"href":"https:\/\/pacuidarte.com\/index.php\/wp-json\/wp\/v2\/product\/269"}],"collection":[{"href":"https:\/\/pacuidarte.com\/index.php\/wp-json\/wp\/v2\/product"}],"about":[{"href":"https:\/\/pacuidarte.com\/index.php\/wp-json\/wp\/v2\/types\/product"}],"replies":[{"embeddable":true,"href":"https:\/\/pacuidarte.com\/index.php\/wp-json\/wp\/v2\/comments?post=269"}],"wp:featuredmedia":[{"embeddable":true,"href":"https:\/\/pacuidarte.com\/index.php\/wp-json\/wp\/v2\/media\/800"}],"wp:attachment":[{"href":"https:\/\/pacuidarte.com\/index.php\/wp-json\/wp\/v2\/media?parent=269"}],"wp:term":[{"taxonomy":"product_cat","embeddable":true,"href":"https:\/\/pacuidarte.com\/index.php\/wp-json\/wp\/v2\/product_cat?post=269"},{"taxonomy":"product_tag","embeddable":true,"href":"https:\/\/pacuidarte.com\/index.php\/wp-json\/wp\/v2\/product_tag?post=269"}],"curies":[{"name":"wp","href":"https:\/\/api.w.org\/{rel}","templated":true}]}}