{"id":250,"date":"2023-09-18T23:43:12","date_gmt":"2023-09-18T23:43:12","guid":{"rendered":"https:\/\/pacuidarte.com\/index.php\/producto\/jabon-intimo-solido\/"},"modified":"2025-03-30T19:01:46","modified_gmt":"2025-03-31T00:01:46","slug":"jabon-intimo-solido","status":"publish","type":"product","link":"https:\/\/pacuidarte.com\/index.php\/producto\/jabon-intimo-solido\/","title":{"rendered":"Jab\u00f3n \u00edntimo s\u00f3lido"},"content":{"rendered":"<p>Jab\u00f3n para la zona \u00edntima <strong>hecho a mano<\/strong> con ingredientes 100% naturales que ayudan a <strong>eliminar y prevenir infecciones<\/strong>. Los aceites en este jab\u00f3n son cuidadosamente seleccionados para no modificar las flora intima.<\/p>\n<p><strong>MODO DE USO: <\/strong>Usalo 2 o 3 veces por semana en la ducha, o a diario <strong>s\u00f3lo<\/strong> si est\u00e1s en tratamiento contra la candidiasis. Aplica suavemente el jab\u00f3n directamente sobre las manos, una vez obtengas espuma, limpa la zona \u00edntima con suaves movimientos circulares para no irritarla, luego enjuaga.<\/p>\n<p><strong>COMPOSICI\u00d3N: <\/strong>Ricinus communis oil, Azadirachta indica oil, Cocos nucifera oil, Aqua, Sodium hydroxide, Stearic acid, Tocopherol (vitamine E), Melaleuca alternifolia (Tea Tree) oil.<\/p>\n<p><strong>PRECAUCIONES DE USO: <\/strong>Revisa los ingredientes para descartar alergias de alg\u00fan tipo.<\/p>\n","protected":false},"excerpt":{"rendered":"<p>Jab\u00f3n para la zona \u00edntima hecho a mano con ingredientes 100% naturales que ayudan a eliminar y prevenir infecciones. Los aceites en este jab\u00f3n son cuidadosamente seleccionados para no modificar las flora intima. MODO DE USO: Usalo 2 o 3 veces por semana en la ducha, o a diario s\u00f3lo si est\u00e1s en tratamiento contra [&hellip;]<\/p>\n","protected":false},"featured_media":590,"comment_status":"open","ping_status":"closed","template":"","meta":{"_joinchat":[]},"product_cat":[29],"product_tag":[],"jetpack_sharing_enabled":true,"_links":{"self":[{"href":"https:\/\/pacuidarte.com\/index.php\/wp-json\/wp\/v2\/product\/250"}],"collection":[{"href":"https:\/\/pacuidarte.com\/index.php\/wp-json\/wp\/v2\/product"}],"about":[{"href":"https:\/\/pacuidarte.com\/index.php\/wp-json\/wp\/v2\/types\/product"}],"replies":[{"embeddable":true,"href":"https:\/\/pacuidarte.com\/index.php\/wp-json\/wp\/v2\/comments?post=250"}],"wp:featuredmedia":[{"embeddable":true,"href":"https:\/\/pacuidarte.com\/index.php\/wp-json\/wp\/v2\/media\/590"}],"wp:attachment":[{"href":"https:\/\/pacuidarte.com\/index.php\/wp-json\/wp\/v2\/media?parent=250"}],"wp:term":[{"taxonomy":"product_cat","embeddable":true,"href":"https:\/\/pacuidarte.com\/index.php\/wp-json\/wp\/v2\/product_cat?post=250"},{"taxonomy":"product_tag","embeddable":true,"href":"https:\/\/pacuidarte.com\/index.php\/wp-json\/wp\/v2\/product_tag?post=250"}],"curies":[{"name":"wp","href":"https:\/\/api.w.org\/{rel}","templated":true}]}}