{"id":241,"date":"2023-09-18T23:43:11","date_gmt":"2023-09-18T23:43:11","guid":{"rendered":"https:\/\/pacuidarte.com\/index.php\/producto\/jabon-corporal-de-avena\/"},"modified":"2025-05-04T19:03:51","modified_gmt":"2025-05-05T00:03:51","slug":"jabon-corporal-de-avena","status":"publish","type":"product","link":"https:\/\/pacuidarte.com\/index.php\/producto\/jabon-corporal-de-avena\/","title":{"rendered":"Jab\u00f3n corporal de avena"},"content":{"rendered":"<p class=\"p1\"><b>Perfecto para pieles fr\u00e1giles y sensibles<\/b><\/p>\n<p class=\"p1\">Este jab\u00f3n de avena 100% natural es recomendado para las pieles m\u00e1s fr\u00e1giles, intolerantes y at\u00f3picas. Deja la piel flexible e hidratada.<\/p>\n<p class=\"p1\">La avena es un ingrediente 100% natural que alivia las inflamaciones causadas por agresiones externas o problemas de la piel como quemaduras de sol, picaduras de insectos, eczema, psoriasis, ros\u00e1cea o cicatrices.<\/p>\n<p class=\"p1\">Tambi\u00e9n ayuda a combatir la edad porque mejora la elasticidad de la piel y act\u00faa directamente para estimular la renovaci\u00f3n celular.<\/p>\n<p><strong>Contenido:\u00a0<\/strong>90 g<\/p>\n","protected":false},"excerpt":{"rendered":"<p>Perfecto para pieles fr\u00e1giles y sensibles Este jab\u00f3n de avena 100% natural es recomendado para las pieles m\u00e1s fr\u00e1giles, intolerantes y at\u00f3picas. Deja la piel flexible e hidratada. La avena es un ingrediente 100% natural que alivia las inflamaciones causadas por agresiones externas o problemas de la piel como quemaduras de sol, picaduras de insectos, [&hellip;]<\/p>\n","protected":false},"featured_media":545,"comment_status":"open","ping_status":"closed","template":"","meta":{"_joinchat":[]},"product_cat":[20,31],"product_tag":[],"jetpack_sharing_enabled":true,"_links":{"self":[{"href":"https:\/\/pacuidarte.com\/index.php\/wp-json\/wp\/v2\/product\/241"}],"collection":[{"href":"https:\/\/pacuidarte.com\/index.php\/wp-json\/wp\/v2\/product"}],"about":[{"href":"https:\/\/pacuidarte.com\/index.php\/wp-json\/wp\/v2\/types\/product"}],"replies":[{"embeddable":true,"href":"https:\/\/pacuidarte.com\/index.php\/wp-json\/wp\/v2\/comments?post=241"}],"wp:featuredmedia":[{"embeddable":true,"href":"https:\/\/pacuidarte.com\/index.php\/wp-json\/wp\/v2\/media\/545"}],"wp:attachment":[{"href":"https:\/\/pacuidarte.com\/index.php\/wp-json\/wp\/v2\/media?parent=241"}],"wp:term":[{"taxonomy":"product_cat","embeddable":true,"href":"https:\/\/pacuidarte.com\/index.php\/wp-json\/wp\/v2\/product_cat?post=241"},{"taxonomy":"product_tag","embeddable":true,"href":"https:\/\/pacuidarte.com\/index.php\/wp-json\/wp\/v2\/product_tag?post=241"}],"curies":[{"name":"wp","href":"https:\/\/api.w.org\/{rel}","templated":true}]}}