{"id":2349,"date":"2025-01-17T14:48:50","date_gmt":"2025-01-17T19:48:50","guid":{"rendered":"https:\/\/pacuidarte.com\/?post_type=product&#038;p=2349"},"modified":"2025-03-09T15:22:06","modified_gmt":"2025-03-09T20:22:06","slug":"desodorante-en-crema","status":"publish","type":"product","link":"https:\/\/pacuidarte.com\/index.php\/producto\/desodorante-en-crema\/","title":{"rendered":"Desodorante en crema"},"content":{"rendered":"<div class=\"elementor-element elementor-element-5a37fb89 elementor-widget-tablet__width-inherit elementor-widget elementor-widget-woocommerce-product-content\" data-id=\"5a37fb89\" data-element_type=\"widget\" data-widget_type=\"woocommerce-product-content.default\">\n<div class=\"elementor-widget-container\">\n<p>Protege la delicada piel de tus axilas controlando malos olores y excesiva sudoraci\u00f3n. Formulado con ingredientes naturales y 100% biodegradables, libre de antitranspirantes y metales pesados.<\/p>\n<p><strong>Ingredientes:<\/strong> Aceite de coco, f\u00e9cula de ma\u00edz, bicarbonato de sodio, cera de candelilla, ricinoleato de zinc, aceites esenciales puros y org\u00e1nicos de lavanda y \u00e1rbol del t\u00e9.<\/p>\n<\/div>\n<\/div>\n","protected":false},"excerpt":{"rendered":"<p>Protege la delicada piel de tus axilas controlando malos olores y excesiva sudoraci\u00f3n. Formulado con ingredientes naturales y 100% biodegradables, libre de antitranspirantes y metales pesados. Ingredientes: Aceite de coco, f\u00e9cula de ma\u00edz, bicarbonato de sodio, cera de candelilla, ricinoleato de zinc, aceites esenciales puros y org\u00e1nicos de lavanda y \u00e1rbol del t\u00e9.<\/p>\n","protected":false},"featured_media":2350,"comment_status":"open","ping_status":"closed","template":"","meta":{"_joinchat":[]},"product_cat":[20,17,24],"product_tag":[301,222,194,302,303],"jetpack_sharing_enabled":true,"_links":{"self":[{"href":"https:\/\/pacuidarte.com\/index.php\/wp-json\/wp\/v2\/product\/2349"}],"collection":[{"href":"https:\/\/pacuidarte.com\/index.php\/wp-json\/wp\/v2\/product"}],"about":[{"href":"https:\/\/pacuidarte.com\/index.php\/wp-json\/wp\/v2\/types\/product"}],"replies":[{"embeddable":true,"href":"https:\/\/pacuidarte.com\/index.php\/wp-json\/wp\/v2\/comments?post=2349"}],"wp:featuredmedia":[{"embeddable":true,"href":"https:\/\/pacuidarte.com\/index.php\/wp-json\/wp\/v2\/media\/2350"}],"wp:attachment":[{"href":"https:\/\/pacuidarte.com\/index.php\/wp-json\/wp\/v2\/media?parent=2349"}],"wp:term":[{"taxonomy":"product_cat","embeddable":true,"href":"https:\/\/pacuidarte.com\/index.php\/wp-json\/wp\/v2\/product_cat?post=2349"},{"taxonomy":"product_tag","embeddable":true,"href":"https:\/\/pacuidarte.com\/index.php\/wp-json\/wp\/v2\/product_tag?post=2349"}],"curies":[{"name":"wp","href":"https:\/\/api.w.org\/{rel}","templated":true}]}}