{"id":2334,"date":"2025-01-17T14:40:11","date_gmt":"2025-01-17T19:40:11","guid":{"rendered":"https:\/\/pacuidarte.com\/?post_type=product&#038;p=2334"},"modified":"2025-03-08T17:33:43","modified_gmt":"2025-03-08T22:33:43","slug":"rubor-labial","status":"publish","type":"product","link":"https:\/\/pacuidarte.com\/index.php\/producto\/rubor-labial\/","title":{"rendered":"Rubor Labial"},"content":{"rendered":"<p>Regala color a tus labios y mejillas aplicando la cantidad que requieras seg\u00fan la intensidad de tono que desees. Protege, nutre e hidrata la piel del rostro y de los labios mientras la embellece.<\/p>\n<p><strong>Ingredientes:<\/strong>\u00a0Manteca de cacao, cera de abejas, aceite vegetal de ajonjol\u00ed, \u00f3xido de hierro, mica, \u00f3xido de\u00a0 zinc.<\/p>\n<p><strong>Contenido:<\/strong>\u00a012 gr.<\/p>\n","protected":false},"excerpt":{"rendered":"<p>Regala color a tus labios y mejillas aplicando la cantidad que requieras seg\u00fan la intensidad de tono que desees. Protege, nutre e hidrata la piel del rostro y de los labios mientras la embellece. Ingredientes:\u00a0Manteca de cacao, cera de abejas, aceite vegetal de ajonjol\u00ed, \u00f3xido de hierro, mica, \u00f3xido de\u00a0 zinc. Contenido:\u00a012 gr.<\/p>\n","protected":false},"featured_media":2340,"comment_status":"open","ping_status":"closed","template":"","meta":{"_joinchat":[]},"product_cat":[18,17,27],"product_tag":[130,57,299,58,300],"jetpack_sharing_enabled":true,"_links":{"self":[{"href":"https:\/\/pacuidarte.com\/index.php\/wp-json\/wp\/v2\/product\/2334"}],"collection":[{"href":"https:\/\/pacuidarte.com\/index.php\/wp-json\/wp\/v2\/product"}],"about":[{"href":"https:\/\/pacuidarte.com\/index.php\/wp-json\/wp\/v2\/types\/product"}],"replies":[{"embeddable":true,"href":"https:\/\/pacuidarte.com\/index.php\/wp-json\/wp\/v2\/comments?post=2334"}],"wp:featuredmedia":[{"embeddable":true,"href":"https:\/\/pacuidarte.com\/index.php\/wp-json\/wp\/v2\/media\/2340"}],"wp:attachment":[{"href":"https:\/\/pacuidarte.com\/index.php\/wp-json\/wp\/v2\/media?parent=2334"}],"wp:term":[{"taxonomy":"product_cat","embeddable":true,"href":"https:\/\/pacuidarte.com\/index.php\/wp-json\/wp\/v2\/product_cat?post=2334"},{"taxonomy":"product_tag","embeddable":true,"href":"https:\/\/pacuidarte.com\/index.php\/wp-json\/wp\/v2\/product_tag?post=2334"}],"curies":[{"name":"wp","href":"https:\/\/api.w.org\/{rel}","templated":true}]}}