{"id":2325,"date":"2025-01-15T15:23:24","date_gmt":"2025-01-15T20:23:24","guid":{"rendered":"https:\/\/pacuidarte.com\/?post_type=product&#038;p=2325"},"modified":"2025-01-15T15:23:24","modified_gmt":"2025-01-15T20:23:24","slug":"leche-desmaquilladora-uva-y-argan","status":"publish","type":"product","link":"https:\/\/pacuidarte.com\/index.php\/producto\/leche-desmaquilladora-uva-y-argan\/","title":{"rendered":"Leche Desmaquilladora Uva y Arg\u00e1n"},"content":{"rendered":"<p>\u00a1Vuelve a lo natural! Cuida, desmaquilla y nutre tu piel con una f\u00f3rmula dise\u00f1ada para estimular la producci\u00f3n de Col\u00e1geno y Elastina y prevenir el envejecimiento prematuro.<\/p>\n<p>Limpia las impurezas y poluci\u00f3n en tu piel,\u00a0 aportando suavidad, hidrataci\u00f3n y nutrici\u00f3n. Es ideal para regular el pH.<\/p>\n<p>Ideal para piel madura.<\/p>\n<p><strong>Ingredientes principales:<\/strong><\/p>\n<ul>\n<li>Extracto de Uva.<\/li>\n<li>Arg\u00e1n.<\/li>\n<li>\u00c1loe Vera.<\/li>\n<li>Aceite de Oliva.<\/li>\n<li>Leche de Arroz.<\/li>\n<li>Hidrosol Cal\u00e9ndula.<\/li>\n<li>Manzanilla.<\/li>\n<li>Aceite de Rosas.<\/li>\n<\/ul>\n<p><strong>\u00bfC\u00f3mo se usa?<\/strong><\/p>\n<p>Aplicar todas las noches una cantidad suficiente sobre el rostro y el cuello, haciendo masajes circulares, retirar con un pomo o algod\u00f3n, hasta que se retiren todas las impurezas de la piel.<\/p>\n<p><strong>Nuestros productos:<\/strong><\/p>\n<ul>\n<li>No contaminan el agua.<\/li>\n<li>Son 100% biodegradables.<\/li>\n<li>Agroecol\u00f3gicos.<\/li>\n<li>Naturales.<\/li>\n<li>No contienen parabenos.<\/li>\n<li>No son testados en animales.<\/li>\n<\/ul>\n<p><strong>Contenido: <\/strong>120 ml<\/p>\n<p>Disfruta la conexi\u00f3n con lo natural \u00a1Adqui\u00e9relo ya!<\/p>\n","protected":false},"excerpt":{"rendered":"<p>\u00a1Vuelve a lo natural! Cuida, desmaquilla y nutre tu piel con una f\u00f3rmula dise\u00f1ada para estimular la producci\u00f3n de Col\u00e1geno y Elastina y prevenir el envejecimiento prematuro. Limpia las impurezas y poluci\u00f3n en tu piel,\u00a0 aportando suavidad, hidrataci\u00f3n y nutrici\u00f3n. Es ideal para regular el pH. Ideal para piel madura. Ingredientes principales: Extracto de Uva. [&hellip;]<\/p>\n","protected":false},"featured_media":2326,"comment_status":"open","ping_status":"closed","template":"","meta":{"_joinchat":[]},"product_cat":[18,17,27],"product_tag":[294,57,58,247,293],"jetpack_sharing_enabled":true,"_links":{"self":[{"href":"https:\/\/pacuidarte.com\/index.php\/wp-json\/wp\/v2\/product\/2325"}],"collection":[{"href":"https:\/\/pacuidarte.com\/index.php\/wp-json\/wp\/v2\/product"}],"about":[{"href":"https:\/\/pacuidarte.com\/index.php\/wp-json\/wp\/v2\/types\/product"}],"replies":[{"embeddable":true,"href":"https:\/\/pacuidarte.com\/index.php\/wp-json\/wp\/v2\/comments?post=2325"}],"wp:featuredmedia":[{"embeddable":true,"href":"https:\/\/pacuidarte.com\/index.php\/wp-json\/wp\/v2\/media\/2326"}],"wp:attachment":[{"href":"https:\/\/pacuidarte.com\/index.php\/wp-json\/wp\/v2\/media?parent=2325"}],"wp:term":[{"taxonomy":"product_cat","embeddable":true,"href":"https:\/\/pacuidarte.com\/index.php\/wp-json\/wp\/v2\/product_cat?post=2325"},{"taxonomy":"product_tag","embeddable":true,"href":"https:\/\/pacuidarte.com\/index.php\/wp-json\/wp\/v2\/product_tag?post=2325"}],"curies":[{"name":"wp","href":"https:\/\/api.w.org\/{rel}","templated":true}]}}