{"id":2312,"date":"2025-01-15T14:37:46","date_gmt":"2025-01-15T19:37:46","guid":{"rendered":"https:\/\/pacuidarte.com\/?post_type=product&#038;p=2312"},"modified":"2025-03-30T16:37:54","modified_gmt":"2025-03-30T21:37:54","slug":"jabon-artesanal-azucenas","status":"publish","type":"product","link":"https:\/\/pacuidarte.com\/index.php\/producto\/jabon-artesanal-azucenas\/","title":{"rendered":"Jab\u00f3n Artesanal Azucenas"},"content":{"rendered":"<p>Nuestro Jab\u00f3n Artesanal de Azucena es ideal para regalarle a tu piel hidrataci\u00f3n, nutrici\u00f3n, suavidad y vitalidad.<\/p>\n<p>Ayuda a unificar el tono de la piel.<\/p>\n<p><strong>Ingredientes principales:<\/strong><\/p>\n<ul>\n<li>Glicerina vegetal.<\/li>\n<li>Aceite de Ch\u00eda. (Con certificaci\u00f3n org\u00e1nica para cosm\u00e9tica natural)<\/li>\n<li>Vitamina E.<\/li>\n<li>Aloe vera.<\/li>\n<\/ul>\n<p><strong>\u00bfC\u00f3mo se usa?<\/strong><\/p>\n<p>Lavar el rostro todas las ma\u00f1anas realizando suaves masajes. Enjuagar con abundante agua.<\/p>\n<p><strong>Nuestros productos:<\/strong><\/p>\n<ul>\n<li>No contamina el agua<\/li>\n<li>Son 100% biodegradable<\/li>\n<li>Agroecol\u00f3gicos<\/li>\n<li>Naturales<\/li>\n<li>No contienen parabenos<\/li>\n<li>No son testados en animales.<\/li>\n<\/ul>\n<p>\u00a1Disfruta de tu belleza natural! P\u00eddelo hoy<\/p>\n","protected":false},"excerpt":{"rendered":"<p>Nuestro Jab\u00f3n Artesanal de Azucena es ideal para regalarle a tu piel hidrataci\u00f3n, nutrici\u00f3n, suavidad y vitalidad. Ayuda a unificar el tono de la piel. Ingredientes principales: Glicerina vegetal. Aceite de Ch\u00eda. (Con certificaci\u00f3n org\u00e1nica para cosm\u00e9tica natural) Vitamina E. Aloe vera. \u00bfC\u00f3mo se usa? Lavar el rostro todas las ma\u00f1anas realizando suaves masajes. Enjuagar [&hellip;]<\/p>\n","protected":false},"featured_media":2313,"comment_status":"open","ping_status":"closed","template":"","meta":{"_joinchat":[]},"product_cat":[20,18,17],"product_tag":[],"jetpack_sharing_enabled":true,"_links":{"self":[{"href":"https:\/\/pacuidarte.com\/index.php\/wp-json\/wp\/v2\/product\/2312"}],"collection":[{"href":"https:\/\/pacuidarte.com\/index.php\/wp-json\/wp\/v2\/product"}],"about":[{"href":"https:\/\/pacuidarte.com\/index.php\/wp-json\/wp\/v2\/types\/product"}],"replies":[{"embeddable":true,"href":"https:\/\/pacuidarte.com\/index.php\/wp-json\/wp\/v2\/comments?post=2312"}],"wp:featuredmedia":[{"embeddable":true,"href":"https:\/\/pacuidarte.com\/index.php\/wp-json\/wp\/v2\/media\/2313"}],"wp:attachment":[{"href":"https:\/\/pacuidarte.com\/index.php\/wp-json\/wp\/v2\/media?parent=2312"}],"wp:term":[{"taxonomy":"product_cat","embeddable":true,"href":"https:\/\/pacuidarte.com\/index.php\/wp-json\/wp\/v2\/product_cat?post=2312"},{"taxonomy":"product_tag","embeddable":true,"href":"https:\/\/pacuidarte.com\/index.php\/wp-json\/wp\/v2\/product_tag?post=2312"}],"curies":[{"name":"wp","href":"https:\/\/api.w.org\/{rel}","templated":true}]}}