{"id":225,"date":"2023-09-18T23:43:09","date_gmt":"2023-09-18T23:43:09","guid":{"rendered":"https:\/\/pacuidarte.com\/index.php\/producto\/crema-contorno-de-ojos-y-labios\/"},"modified":"2024-01-23T13:38:14","modified_gmt":"2024-01-23T18:38:14","slug":"crema-contorno-de-ojos-y-labios","status":"publish","type":"product","link":"https:\/\/pacuidarte.com\/index.php\/producto\/crema-contorno-de-ojos-y-labios\/","title":{"rendered":"Crema contorno de ojos y labios"},"content":{"rendered":"<p>Previene y aten\u00faa los signos de envejecimiento cut\u00e1neo, arrugas del contorno de los ojos y de los labios (concretamente las l\u00edneas de expresi\u00f3n) que provocan p\u00e9rdida de elasticidad, tonicidad y luminosidad.<\/p>\n<p>Preserva la juventud de la piel, gracias a la asociaci\u00f3n \u00fanica y patentada de sus activos totalmente naturales:<\/p>\n<ul>\n<li>Aceite de Jojoba<\/li>\n<li>Aceite de Albaricoque<\/li>\n<li>Aceite de uva<\/li>\n<li>Aceite de rosa mosqueta (resveratrol natural)<\/li>\n<li>Manteca de karite<\/li>\n<li>Manteca de cacao<\/li>\n<li>Cera de abejas<\/li>\n<li>Col\u00e1geno<\/li>\n<li>Elastina<\/li>\n<\/ul>\n<p><strong>Contenido:<\/strong> 60 ml<\/p>\n","protected":false},"excerpt":{"rendered":"<p>Previene y aten\u00faa los signos de envejecimiento cut\u00e1neo, arrugas del contorno de los ojos y de los labios (concretamente las l\u00edneas de expresi\u00f3n) que provocan p\u00e9rdida de elasticidad, tonicidad y luminosidad. Preserva la juventud de la piel, gracias a la asociaci\u00f3n \u00fanica y patentada de sus activos totalmente naturales: Aceite de Jojoba Aceite de Albaricoque [&hellip;]<\/p>\n","protected":false},"featured_media":838,"comment_status":"open","ping_status":"closed","template":"","meta":{"_joinchat":[]},"product_cat":[18],"product_tag":[64,129,142,140,76,143,141],"jetpack_sharing_enabled":true,"_links":{"self":[{"href":"https:\/\/pacuidarte.com\/index.php\/wp-json\/wp\/v2\/product\/225"}],"collection":[{"href":"https:\/\/pacuidarte.com\/index.php\/wp-json\/wp\/v2\/product"}],"about":[{"href":"https:\/\/pacuidarte.com\/index.php\/wp-json\/wp\/v2\/types\/product"}],"replies":[{"embeddable":true,"href":"https:\/\/pacuidarte.com\/index.php\/wp-json\/wp\/v2\/comments?post=225"}],"wp:featuredmedia":[{"embeddable":true,"href":"https:\/\/pacuidarte.com\/index.php\/wp-json\/wp\/v2\/media\/838"}],"wp:attachment":[{"href":"https:\/\/pacuidarte.com\/index.php\/wp-json\/wp\/v2\/media?parent=225"}],"wp:term":[{"taxonomy":"product_cat","embeddable":true,"href":"https:\/\/pacuidarte.com\/index.php\/wp-json\/wp\/v2\/product_cat?post=225"},{"taxonomy":"product_tag","embeddable":true,"href":"https:\/\/pacuidarte.com\/index.php\/wp-json\/wp\/v2\/product_tag?post=225"}],"curies":[{"name":"wp","href":"https:\/\/api.w.org\/{rel}","templated":true}]}}