{"id":213,"date":"2023-09-18T23:43:09","date_gmt":"2023-09-18T23:43:09","guid":{"rendered":"https:\/\/pacuidarte.com\/index.php\/producto\/proteina-capilar-restauradora\/"},"modified":"2025-04-03T16:22:57","modified_gmt":"2025-04-03T21:22:57","slug":"proteina-capilar-restauradora","status":"publish","type":"product","link":"https:\/\/pacuidarte.com\/index.php\/producto\/proteina-capilar-restauradora\/","title":{"rendered":"Prote\u00edna Capilar Restauradora"},"content":{"rendered":"<p>Reconstrucci\u00f3n y reparaci\u00f3n total para cabellos extremadamente maltratados, sensibilizados y con frizz por procesos qu\u00edmicos.<\/p>\n<p>Devuelve la suavidad y salud al cabello.<\/p>\n<p>Contiene una alta concentraci\u00f3n de amino\u00e1cidos derivados de la leche de soya, leche de germen de trigo, leche de coco, extracto de aguacate y provitamina B5.<\/p>\n<p><strong>Contenido:<\/strong> 500 ml<\/p>\n","protected":false},"excerpt":{"rendered":"<p>Reconstrucci\u00f3n y reparaci\u00f3n total para cabellos extremadamente maltratados, sensibilizados y con frizz por procesos qu\u00edmicos. Devuelve la suavidad y salud al cabello. Contiene una alta concentraci\u00f3n de amino\u00e1cidos derivados de la leche de soya, leche de germen de trigo, leche de coco, extracto de aguacate y provitamina B5. Contenido: 500 ml<\/p>\n","protected":false},"featured_media":527,"comment_status":"open","ping_status":"closed","template":"","meta":{"_joinchat":[]},"product_cat":[16],"product_tag":[122,124,212,226,229,213,70],"jetpack_sharing_enabled":true,"_links":{"self":[{"href":"https:\/\/pacuidarte.com\/index.php\/wp-json\/wp\/v2\/product\/213"}],"collection":[{"href":"https:\/\/pacuidarte.com\/index.php\/wp-json\/wp\/v2\/product"}],"about":[{"href":"https:\/\/pacuidarte.com\/index.php\/wp-json\/wp\/v2\/types\/product"}],"replies":[{"embeddable":true,"href":"https:\/\/pacuidarte.com\/index.php\/wp-json\/wp\/v2\/comments?post=213"}],"wp:featuredmedia":[{"embeddable":true,"href":"https:\/\/pacuidarte.com\/index.php\/wp-json\/wp\/v2\/media\/527"}],"wp:attachment":[{"href":"https:\/\/pacuidarte.com\/index.php\/wp-json\/wp\/v2\/media?parent=213"}],"wp:term":[{"taxonomy":"product_cat","embeddable":true,"href":"https:\/\/pacuidarte.com\/index.php\/wp-json\/wp\/v2\/product_cat?post=213"},{"taxonomy":"product_tag","embeddable":true,"href":"https:\/\/pacuidarte.com\/index.php\/wp-json\/wp\/v2\/product_tag?post=213"}],"curies":[{"name":"wp","href":"https:\/\/api.w.org\/{rel}","templated":true}]}}