{"id":211,"date":"2023-09-18T23:43:09","date_gmt":"2023-09-18T23:43:09","guid":{"rendered":"https:\/\/pacuidarte.com\/index.php\/producto\/tratamiento-de-argan-y-jalea-real\/"},"modified":"2025-06-15T16:02:44","modified_gmt":"2025-06-15T21:02:44","slug":"tratamiento-de-argan-y-jalea-real","status":"publish","type":"product","link":"https:\/\/pacuidarte.com\/index.php\/producto\/tratamiento-de-argan-y-jalea-real\/","title":{"rendered":"Tratamiento de Arg\u00e1n y Jalea Real"},"content":{"rendered":"<p>Tratamiento reparador intensivo que brinda una nutrici\u00f3n extrema a los cabellos secos y quebradizos.<\/p>\n<p>Combina las propiedades cosm\u00e9ticos del Aceite de Arg\u00e1n y la Jalea Real reparando de manera intensiva cabellos sin vitalidad y\/o maltratados por procesos qu\u00edmicos.<\/p>\n<p>Es rico en nutrientes esenciales para el cabello y contiene 11 de los 18 amino\u00e1cidos que se encuentran en la queratina del cabello, por ello su acci\u00f3n reparadora. Tambi\u00e9n ayuda a prevenir la resequedad del cuero cabelludo y la fibra capilar.<\/p>\n<p><strong>Contenido:<\/strong> 500 ml<\/p>\n<p><strong>Ideal para cabellos claros<\/strong><\/p>\n","protected":false},"excerpt":{"rendered":"<p>Tratamiento reparador intensivo que brinda una nutrici\u00f3n extrema a los cabellos secos y quebradizos. Combina las propiedades cosm\u00e9ticos del Aceite de Arg\u00e1n y la Jalea Real reparando de manera intensiva cabellos sin vitalidad y\/o maltratados por procesos qu\u00edmicos. Es rico en nutrientes esenciales para el cabello y contiene 11 de los 18 amino\u00e1cidos que se [&hellip;]<\/p>\n","protected":false},"featured_media":831,"comment_status":"open","ping_status":"closed","template":"","meta":{"_joinchat":[]},"product_cat":[16],"product_tag":[122,124,212,123,226],"jetpack_sharing_enabled":true,"_links":{"self":[{"href":"https:\/\/pacuidarte.com\/index.php\/wp-json\/wp\/v2\/product\/211"}],"collection":[{"href":"https:\/\/pacuidarte.com\/index.php\/wp-json\/wp\/v2\/product"}],"about":[{"href":"https:\/\/pacuidarte.com\/index.php\/wp-json\/wp\/v2\/types\/product"}],"replies":[{"embeddable":true,"href":"https:\/\/pacuidarte.com\/index.php\/wp-json\/wp\/v2\/comments?post=211"}],"wp:featuredmedia":[{"embeddable":true,"href":"https:\/\/pacuidarte.com\/index.php\/wp-json\/wp\/v2\/media\/831"}],"wp:attachment":[{"href":"https:\/\/pacuidarte.com\/index.php\/wp-json\/wp\/v2\/media?parent=211"}],"wp:term":[{"taxonomy":"product_cat","embeddable":true,"href":"https:\/\/pacuidarte.com\/index.php\/wp-json\/wp\/v2\/product_cat?post=211"},{"taxonomy":"product_tag","embeddable":true,"href":"https:\/\/pacuidarte.com\/index.php\/wp-json\/wp\/v2\/product_tag?post=211"}],"curies":[{"name":"wp","href":"https:\/\/api.w.org\/{rel}","templated":true}]}}