{"id":205,"date":"2023-09-18T23:43:08","date_gmt":"2023-09-18T23:43:08","guid":{"rendered":"https:\/\/pacuidarte.com\/index.php\/producto\/shampoo-rapunzel-ninos\/"},"modified":"2025-05-04T16:39:00","modified_gmt":"2025-05-04T21:39:00","slug":"shampoo-rapunzel-ninos","status":"publish","type":"product","link":"https:\/\/pacuidarte.com\/index.php\/producto\/shampoo-rapunzel-ninos\/","title":{"rendered":"Shampoo para ni\u00f1os"},"content":{"rendered":"<p>Esta especialmente elaborado con ingredientes 100% naturales. <strong>Su f\u00f3rmula es hipoalerg\u00e9nica, libre de sal, de alcohol y de jab\u00f3n.<\/strong> Su pH neutro y balanceado limpia suavemente el delicado cabello de los ni\u00f1os y a su vez nutre, hidrata y fortalece el fol\u00edculo piloso para estimular su sano crecimiento, engrosando cada cabello y estimulando la producci\u00f3n de nuevo cabello.El resultado, un cabello nutrido, fuerte, largo, brillante y sedoso.<\/p>\n<p>Sus ingredientes son prote\u00edna de trigo, vitaminas E y B5, extractos frutales y herbales, multivitaminas y manzanilla (cantidad m\u00ednima. No aclara el color del cabello ni lo cambia)<\/p>\n<p><strong>Contenido: <\/strong>600 ml<\/p>\n","protected":false},"excerpt":{"rendered":"<p>Esta especialmente elaborado con ingredientes 100% naturales. Su f\u00f3rmula es hipoalerg\u00e9nica, libre de sal, de alcohol y de jab\u00f3n. Su pH neutro y balanceado limpia suavemente el delicado cabello de los ni\u00f1os y a su vez nutre, hidrata y fortalece el fol\u00edculo piloso para estimular su sano crecimiento, engrosando cada cabello y estimulando la producci\u00f3n [&hellip;]<\/p>\n","protected":false},"featured_media":479,"comment_status":"open","ping_status":"closed","template":"","meta":{"_joinchat":[]},"product_cat":[16,32],"product_tag":[214,81,217,216,128],"jetpack_sharing_enabled":true,"_links":{"self":[{"href":"https:\/\/pacuidarte.com\/index.php\/wp-json\/wp\/v2\/product\/205"}],"collection":[{"href":"https:\/\/pacuidarte.com\/index.php\/wp-json\/wp\/v2\/product"}],"about":[{"href":"https:\/\/pacuidarte.com\/index.php\/wp-json\/wp\/v2\/types\/product"}],"replies":[{"embeddable":true,"href":"https:\/\/pacuidarte.com\/index.php\/wp-json\/wp\/v2\/comments?post=205"}],"wp:featuredmedia":[{"embeddable":true,"href":"https:\/\/pacuidarte.com\/index.php\/wp-json\/wp\/v2\/media\/479"}],"wp:attachment":[{"href":"https:\/\/pacuidarte.com\/index.php\/wp-json\/wp\/v2\/media?parent=205"}],"wp:term":[{"taxonomy":"product_cat","embeddable":true,"href":"https:\/\/pacuidarte.com\/index.php\/wp-json\/wp\/v2\/product_cat?post=205"},{"taxonomy":"product_tag","embeddable":true,"href":"https:\/\/pacuidarte.com\/index.php\/wp-json\/wp\/v2\/product_tag?post=205"}],"curies":[{"name":"wp","href":"https:\/\/api.w.org\/{rel}","templated":true}]}}