{"id":1796,"date":"2024-09-03T20:59:52","date_gmt":"2024-09-04T01:59:52","guid":{"rendered":"https:\/\/pacuidarte.com\/?post_type=product&#038;p=1796"},"modified":"2025-03-09T14:49:33","modified_gmt":"2025-03-09T19:49:33","slug":"copa-menstrual-beppycup","status":"publish","type":"product","link":"https:\/\/pacuidarte.com\/index.php\/producto\/copa-menstrual-beppycup\/","title":{"rendered":"Copa menstrual Beppycup"},"content":{"rendered":"<p>La Beppy Cup est\u00e1 hecha de silicona de grado m\u00e9dico. Se produce de forma higi\u00e9nica bajo supervisi\u00f3n continua de acuerdo con la Norma Internacional ISO 13485: 2016 (certificaci\u00f3n de equipos m\u00e9dicos).<\/p>\n<p>La silicona m\u00e9dica es biocompatible, lo que garantiza que puede usarse de forma segura dentro del cuerpo humano durante largos per\u00edodos de tiempo. La silicona de grado m\u00e9dico es hipoalerg\u00e9nica, no contiene l\u00e1tex ni contiene toxinas, no es porosa, por lo que es resistente al crecimiento bacteriano.<\/p>\n<p>Beppy Cup, a diferencia de las copas menstruales tradicionales, es la copa menstrual m\u00e1s innovadora que permite a las mujeres experimentar m\u00e1s libertad durante su menstruaci\u00f3n.<br \/>\nHacer el amor es una de las cualidades m\u00e1s importantes de la Beppy Cup. Te brinda una sensaci\u00f3n segura y c\u00f3moda. Gracias a su material suave y flexible, la Beppy Cup se adapta completamente al cuerpo para disfrutar de la m\u00e1xima comodidad y reducir el riesgo de fugas.<\/p>\n<p>Beppy Cup es una alternativa perfecta a las copas regulares, pero tambi\u00e9n se ha desarrollado para varias otras ocasiones. Por ejemplo, con la Beppy Cup se puede mantener relaciones sexuales durante la menstruaci\u00f3n, es invisible, por lo que tu pareja no se dar\u00e1 cuenta de que est\u00e1s en tu per\u00edodo. Adem\u00e1s, las Beppy Cups no tienen palito de extracci\u00f3n, sino un lazo para facilitarla.<br \/>\nLa Beppy Cup brinda m\u00e1s libertad mientras nadas, visitas el sauna, haces deportes, vas a bailar o tienes sexo durante tu per\u00edodo.<\/p>\n<p>Ha sido desarrollada por mujeres para mujeres y ha sido cuidadosamente probada dermatol\u00f3gica y cl\u00ednicamente.<\/p>\n<p>Medidas:<\/p>\n<p>Cuerpo: 4.5cm<br \/>\nLazo de extracci\u00f3n: 1.5cm<br \/>\nDi\u00e1metro: 4.5cm<\/p>\n<p>Colores<\/p>\n<p>Cada combinaci\u00f3n de colores viene con una bolsito de silicona grado alimenticio y 2 pr\u00e1cticas bolsitas de algod\u00f3n para transportar o almacenar tu copa de forma segura. Adem\u00e1s, de una linda cajita con ilustraciones de Sara Cadavid, una hoja de stickers y su manual de instrucciones.<\/p>\n","protected":false},"excerpt":{"rendered":"<p>La Beppy Cup est\u00e1 hecha de silicona de grado m\u00e9dico. Se produce de forma higi\u00e9nica bajo supervisi\u00f3n continua de acuerdo con la Norma Internacional ISO 13485: 2016 (certificaci\u00f3n de equipos m\u00e9dicos). La silicona m\u00e9dica es biocompatible, lo que garantiza que puede usarse de forma segura dentro del cuerpo humano durante largos per\u00edodos de tiempo. La [&hellip;]<\/p>\n","protected":false},"featured_media":1809,"comment_status":"open","ping_status":"closed","template":"","meta":{"_joinchat":[]},"product_cat":[29,24,31],"product_tag":[278],"jetpack_sharing_enabled":true,"_links":{"self":[{"href":"https:\/\/pacuidarte.com\/index.php\/wp-json\/wp\/v2\/product\/1796"}],"collection":[{"href":"https:\/\/pacuidarte.com\/index.php\/wp-json\/wp\/v2\/product"}],"about":[{"href":"https:\/\/pacuidarte.com\/index.php\/wp-json\/wp\/v2\/types\/product"}],"replies":[{"embeddable":true,"href":"https:\/\/pacuidarte.com\/index.php\/wp-json\/wp\/v2\/comments?post=1796"}],"wp:featuredmedia":[{"embeddable":true,"href":"https:\/\/pacuidarte.com\/index.php\/wp-json\/wp\/v2\/media\/1809"}],"wp:attachment":[{"href":"https:\/\/pacuidarte.com\/index.php\/wp-json\/wp\/v2\/media?parent=1796"}],"wp:term":[{"taxonomy":"product_cat","embeddable":true,"href":"https:\/\/pacuidarte.com\/index.php\/wp-json\/wp\/v2\/product_cat?post=1796"},{"taxonomy":"product_tag","embeddable":true,"href":"https:\/\/pacuidarte.com\/index.php\/wp-json\/wp\/v2\/product_tag?post=1796"}],"curies":[{"name":"wp","href":"https:\/\/api.w.org\/{rel}","templated":true}]}}