{"id":1766,"date":"2024-08-27T18:49:17","date_gmt":"2024-08-27T23:49:17","guid":{"rendered":"https:\/\/pacuidarte.com\/?post_type=product&#038;p=1766"},"modified":"2024-12-15T16:18:10","modified_gmt":"2024-12-15T21:18:10","slug":"vaso-plegable-para-cafe","status":"publish","type":"product","link":"https:\/\/pacuidarte.com\/index.php\/producto\/vaso-plegable-para-cafe\/","title":{"rendered":"Vaso plegable para caf\u00e9"},"content":{"rendered":"<p>Este ingenioso y \u00fatil vasito plegable ser\u00e1 el mejor amigo para aquellos que aman tomar caf\u00e9 (o cualquier bebida caliente, e incluso fr\u00eda), pues podr\u00e1s llevarlo contigo a cualquier parte y pedir que te sirvan all\u00ed tu bebida y as\u00ed evitar el uso de cualquier desechable.<\/p>\n<p>\u00a1Al armarlo puedes dejarlo de dos tama\u00f1os!<\/p>\n","protected":false},"excerpt":{"rendered":"<p>Este ingenioso y \u00fatil vasito plegable ser\u00e1 el mejor amigo para aquellos que aman tomar caf\u00e9 (o cualquier bebida caliente, e incluso fr\u00eda), pues podr\u00e1s llevarlo contigo a cualquier parte y pedir que te sirvan all\u00ed tu bebida y as\u00ed evitar el uso de cualquier desechable. \u00a1Al armarlo puedes dejarlo de dos tama\u00f1os!<\/p>\n","protected":false},"featured_media":1969,"comment_status":"open","ping_status":"closed","template":"","meta":{"_joinchat":[]},"product_cat":[17,24],"product_tag":[],"jetpack_sharing_enabled":true,"_links":{"self":[{"href":"https:\/\/pacuidarte.com\/index.php\/wp-json\/wp\/v2\/product\/1766"}],"collection":[{"href":"https:\/\/pacuidarte.com\/index.php\/wp-json\/wp\/v2\/product"}],"about":[{"href":"https:\/\/pacuidarte.com\/index.php\/wp-json\/wp\/v2\/types\/product"}],"replies":[{"embeddable":true,"href":"https:\/\/pacuidarte.com\/index.php\/wp-json\/wp\/v2\/comments?post=1766"}],"wp:featuredmedia":[{"embeddable":true,"href":"https:\/\/pacuidarte.com\/index.php\/wp-json\/wp\/v2\/media\/1969"}],"wp:attachment":[{"href":"https:\/\/pacuidarte.com\/index.php\/wp-json\/wp\/v2\/media?parent=1766"}],"wp:term":[{"taxonomy":"product_cat","embeddable":true,"href":"https:\/\/pacuidarte.com\/index.php\/wp-json\/wp\/v2\/product_cat?post=1766"},{"taxonomy":"product_tag","embeddable":true,"href":"https:\/\/pacuidarte.com\/index.php\/wp-json\/wp\/v2\/product_tag?post=1766"}],"curies":[{"name":"wp","href":"https:\/\/api.w.org\/{rel}","templated":true}]}}