{"id":1600,"date":"2024-07-31T18:45:39","date_gmt":"2024-07-31T23:45:39","guid":{"rendered":"https:\/\/pacuidarte.com\/?post_type=product&#038;p=1600"},"modified":"2024-07-31T18:46:40","modified_gmt":"2024-07-31T23:46:40","slug":"jabon-facial-y-corporal-magna","status":"publish","type":"product","link":"https:\/\/pacuidarte.com\/index.php\/producto\/jabon-facial-y-corporal-magna\/","title":{"rendered":"Jab\u00f3n facial y corporal magna"},"content":{"rendered":"<p>Con este jab\u00f3n podr\u00e1s hacer del ba\u00f1o un ritual para darte amor mientras te duchas y le sacas el m\u00e1ximo provecho a cada uno de sus nutrientes.<\/p>\n","protected":false},"excerpt":{"rendered":"<p>Con este jab\u00f3n podr\u00e1s hacer del ba\u00f1o un ritual para darte amor mientras te duchas y le sacas el m\u00e1ximo provecho a cada uno de sus nutrientes.<\/p>\n","protected":false},"featured_media":0,"comment_status":"open","ping_status":"closed","template":"","meta":{"_joinchat":[]},"product_cat":[20,17],"product_tag":[],"jetpack_sharing_enabled":true,"_links":{"self":[{"href":"https:\/\/pacuidarte.com\/index.php\/wp-json\/wp\/v2\/product\/1600"}],"collection":[{"href":"https:\/\/pacuidarte.com\/index.php\/wp-json\/wp\/v2\/product"}],"about":[{"href":"https:\/\/pacuidarte.com\/index.php\/wp-json\/wp\/v2\/types\/product"}],"replies":[{"embeddable":true,"href":"https:\/\/pacuidarte.com\/index.php\/wp-json\/wp\/v2\/comments?post=1600"}],"wp:attachment":[{"href":"https:\/\/pacuidarte.com\/index.php\/wp-json\/wp\/v2\/media?parent=1600"}],"wp:term":[{"taxonomy":"product_cat","embeddable":true,"href":"https:\/\/pacuidarte.com\/index.php\/wp-json\/wp\/v2\/product_cat?post=1600"},{"taxonomy":"product_tag","embeddable":true,"href":"https:\/\/pacuidarte.com\/index.php\/wp-json\/wp\/v2\/product_tag?post=1600"}],"curies":[{"name":"wp","href":"https:\/\/api.w.org\/{rel}","templated":true}]}}