{"id":1511,"date":"2024-04-27T17:23:24","date_gmt":"2024-04-27T22:23:24","guid":{"rendered":"https:\/\/pacuidarte.com\/?post_type=product&#038;p=1511"},"modified":"2025-04-04T10:40:37","modified_gmt":"2025-04-04T15:40:37","slug":"velon-base-cemento","status":"publish","type":"product","link":"https:\/\/pacuidarte.com\/index.php\/producto\/velon-base-cemento\/","title":{"rendered":"Vel\u00f3n base cemento"},"content":{"rendered":"<p>Hermoso vel\u00f3n artesanal con el m\u00e1s delicioso aroma.<br \/>\n\u00a1Ideal para las mam\u00e1s y abuelitas para alumbrar sus santos!<\/p>\n","protected":false},"excerpt":{"rendered":"<p>Hermoso vel\u00f3n artesanal con el m\u00e1s delicioso aroma. \u00a1Ideal para las mam\u00e1s y abuelitas para alumbrar sus santos!<\/p>\n","protected":false},"featured_media":1512,"comment_status":"open","ping_status":"closed","template":"","meta":{"_joinchat":[]},"product_cat":[17,271],"product_tag":[270,266,267],"jetpack_sharing_enabled":true,"_links":{"self":[{"href":"https:\/\/pacuidarte.com\/index.php\/wp-json\/wp\/v2\/product\/1511"}],"collection":[{"href":"https:\/\/pacuidarte.com\/index.php\/wp-json\/wp\/v2\/product"}],"about":[{"href":"https:\/\/pacuidarte.com\/index.php\/wp-json\/wp\/v2\/types\/product"}],"replies":[{"embeddable":true,"href":"https:\/\/pacuidarte.com\/index.php\/wp-json\/wp\/v2\/comments?post=1511"}],"wp:featuredmedia":[{"embeddable":true,"href":"https:\/\/pacuidarte.com\/index.php\/wp-json\/wp\/v2\/media\/1512"}],"wp:attachment":[{"href":"https:\/\/pacuidarte.com\/index.php\/wp-json\/wp\/v2\/media?parent=1511"}],"wp:term":[{"taxonomy":"product_cat","embeddable":true,"href":"https:\/\/pacuidarte.com\/index.php\/wp-json\/wp\/v2\/product_cat?post=1511"},{"taxonomy":"product_tag","embeddable":true,"href":"https:\/\/pacuidarte.com\/index.php\/wp-json\/wp\/v2\/product_tag?post=1511"}],"curies":[{"name":"wp","href":"https:\/\/api.w.org\/{rel}","templated":true}]}}