{"id":1047,"date":"2023-10-23T21:24:22","date_gmt":"2023-10-24T02:24:22","guid":{"rendered":"https:\/\/pacuidarte.com\/?post_type=product&#038;p=1047"},"modified":"2025-06-15T17:14:11","modified_gmt":"2025-06-15T22:14:11","slug":"mini-shampoo-s-o-s-bomba-de-vitaminas","status":"publish","type":"product","link":"https:\/\/pacuidarte.com\/index.php\/producto\/mini-shampoo-s-o-s-bomba-de-vitaminas\/","title":{"rendered":"Mini shampoo S.O.S bomba de vitaminas"},"content":{"rendered":"<p>Esta mini versi\u00f3n fue dise\u00f1ada para aquellas personas que quieren probar nuestro producto y para quienes son unas almas viajeras, para que as\u00ed puedan seguir cuidando sus cabellos mientras recorren el mundo.<\/p>\n<p>Shampoo\u00a0<strong>sin sal con pH neutro y sin parabenos.<\/strong><\/p>\n<p>Bomba de Vitaminas con Keratina, es una f\u00f3rmula desarrollada especialmente para proporcionar una\u00a0<strong>reparaci\u00f3n y reconstrucci\u00f3n profunda al cabello.<\/strong>\u00a0La Keratina enriquecida con \u00f3leo de Ricino, Vitamina E, Panthenol y amino\u00e1cidos repara, reconstruye e hidrata profundamente el cabello dej\u00e1ndolo mucho m\u00e1s resistente y fuerte.<br \/>\nIdeal para cabellos muy<strong>\u00a0secos y maltratados<\/strong>, post cuidado de Keratinas, protecci\u00f3n color y cuidado de la cirugia capilar.<\/p>\n","protected":false},"excerpt":{"rendered":"<p>Esta mini versi\u00f3n fue dise\u00f1ada para aquellas personas que quieren probar nuestro producto y para quienes son unas almas viajeras, para que as\u00ed puedan seguir cuidando sus cabellos mientras recorren el mundo. Shampoo\u00a0sin sal con pH neutro y sin parabenos. Bomba de Vitaminas con Keratina, es una f\u00f3rmula desarrollada especialmente para proporcionar una\u00a0reparaci\u00f3n y reconstrucci\u00f3n [&hellip;]<\/p>\n","protected":false},"featured_media":1048,"comment_status":"open","ping_status":"closed","template":"","meta":{"_joinchat":[]},"product_cat":[16,24],"product_tag":[122,124,212,123,213],"jetpack_sharing_enabled":true,"_links":{"self":[{"href":"https:\/\/pacuidarte.com\/index.php\/wp-json\/wp\/v2\/product\/1047"}],"collection":[{"href":"https:\/\/pacuidarte.com\/index.php\/wp-json\/wp\/v2\/product"}],"about":[{"href":"https:\/\/pacuidarte.com\/index.php\/wp-json\/wp\/v2\/types\/product"}],"replies":[{"embeddable":true,"href":"https:\/\/pacuidarte.com\/index.php\/wp-json\/wp\/v2\/comments?post=1047"}],"wp:featuredmedia":[{"embeddable":true,"href":"https:\/\/pacuidarte.com\/index.php\/wp-json\/wp\/v2\/media\/1048"}],"wp:attachment":[{"href":"https:\/\/pacuidarte.com\/index.php\/wp-json\/wp\/v2\/media?parent=1047"}],"wp:term":[{"taxonomy":"product_cat","embeddable":true,"href":"https:\/\/pacuidarte.com\/index.php\/wp-json\/wp\/v2\/product_cat?post=1047"},{"taxonomy":"product_tag","embeddable":true,"href":"https:\/\/pacuidarte.com\/index.php\/wp-json\/wp\/v2\/product_tag?post=1047"}],"curies":[{"name":"wp","href":"https:\/\/api.w.org\/{rel}","templated":true}]}}